 -4.
-4
What is (10 - 1) + -2 + 6 - 6?
7
Calculate (-26 - -40) + (2 - 8).
8
What is the value of (5 - -4) + (-17 - -6)?
-2
Calculate 1 + -4 - (0 - 5).
2
Evaluate 6 - (8 - 6 - (0 - -1)).
5
14 - 13 - (1 + -5)
5
Evaluate -11 + 6 - (-7 + (1 - -2)).
-1
Evaluate -43 - -34 - (2 - (2 + 0)).
-9
0 + 0 + -1 + (-1 - -1)
-1
1 - (2 - -1) - -1
-1
What is the value of 4 + (7 - 9 - (0 - 5))?
7
What is -7 + (0 - (-5 - 0))?
-2
Calculate 3 + -2 + 3 + -1 + 1.
4
21 - 24 - (-3 - (-3 + 4))
1
Calculate 7 + 0 + -1 + (-55 - -45).
-4
What is the value of -6 - -2 - (-7 + 5)?
-2
What is the value of -1 + (0 - 4) + 8?
3
Evaluate (-2 - 0) + 5 - (0 - -2).
1
What is (-40 - -46) + -7 + 1?
0
Calculate (-3 - -2) + 6 - (0 + 0).
5
Evaluate 0 + (4 - (-1 + (-4 - -7))).
2
Calculate -7 + -1 - (-13 + 12).
-7
What is the value of (-1 - 8 - -2) + -1?
-8
What is the value of 3 - 0 - (1 - 2)?
4
Calculate (-2 - -3) + (-4 - -2).
-1
Evaluate -2 - (0 - (3 + -6)).
-5
What is 10 - (5 + 7 + 0)?
-2
What is 2 + (4 + 0 + -4 - 3)?
-1
-11 - (13 + -12 - 11)
-1
What is the value of 7 - (-8 + 7) - 10?
-2
What is 8 - ((11 - -3) + -5)?
-1
Calculate 2 - 0 - (1 - 0 - -2).
-1
What is -6 - -7 - (4 + 1 - 0)?
-4
Calculate 3 + 0 + -2 + -1 + 5.
5
1 + -1 + (1 - -2)
3
What is 39 + -38 - ((0 - -3) + -1)?
-1
What is (14 - 1) + -6 + -9?
-2
Evaluate 9 + -17 + 6 + 11.
9
What is 10 + (-2 - -10) + -7?
11
-1 + 0 + -1 + 14 + -21
-9
Evaluate -10 - ((-8 - -14) + -11).
-5
What is the value of 0 + 8 + 8 + -10?
6
Evaluate -1 + 12 + 18 + -32.
-3
What is -2 + (-2 - -4) - (-4 + 7)?
-3
What is the value of -4 - (-5 + -2 - 3)?
6
What is -18 + 25 - (0 + 0) - 2?
5
-1 - 1 - (-156 - -156)
-2
Evaluate 1 - 1 - (1 - (0 + 2)).
1
What is the value of 3 + (6 - -4 - 6 - 7)?
0
8 + (-9 - -5) + -17 + 4
-9
0 + (4 - 2) + -2 + -4
-4
-3 - (2 + (-5 - -3 - 3))
0
What is (30 - 32) + -1 + -1?
-4
Evaluate -4 - ((6 - 1) + -3).
-6
What is the value of (-30 - -16) + 26 + 1 + -7?
6
What is the value of -2 + 3 + 8 + -5?
4
5 + -4 - 6 - 0
-5
What is the value of 3 + (-10 + 12 - (0 + 3))?
2
Calculate (23 - 6) + -24 - (-8 - 0).
1
(-1 - -4) + -15 + 8
-4
Evaluate (14 - 16) + (0 - 1 - -8).
5
What is (10 - -1) + 9 + -31 + 19?
8
What is the value of (1 - 13) + (92 - 80)?
0
7 - (1 - (1 + -4) - 0)
3
What is the value of (-1 - (0 + -5) - -1) + -4?
1
Evaluate (0 - 1) + 4 + 3 + -2.
4
Calculate -4 - (-2 - -9 - 6).
-5
Evaluate 3 + (-1 - (-4 - -3)).
3
Evaluate 6 - (8 + -6 + 9).
-5
What is (0 - (-13 + 9)) + (0 - 7)?
-3
Evaluate 10 + 3 + 2 + -10.
5
What is -5 + -1 - -1 - (-335 - -334)?
-4
What is (1 - 6) + (-12 - -15)?
-2
What is (-1 + 6 - 2) + -1 + 3?
5
Calculate (-7 - -5 - -2) + -3 + 9.
6
What is the value of (-8 + 16 - 9) + 5?
4
Calculate 0 + (2 - -1) + (-13 - -13).
3
What is (-1 - 9) + 179 + -174?
-5
Evaluate -4 + 5 + -6 + 3.
-2
Evaluate 4 + 0 + -1 - 5 - -1.
-1
What is the value of (0 - (-3 + 1)) + -6?
-4
What is the value of -6 - ((-6 - -12) + -5)?
-7
Evaluate -2 - (-2 + -2 - 4).
6
What is (-9 - 2 - -2) + (144 - 138)?
-3
What is the value of -1 + 9 + -4 - 5?
-1
What is the value of 1 - -4 - (2 - -4)?
-1
(28 - 27) + (-3 - 1 - -2)
-1
20 + (12 + -7 - 16)
9
Evaluate (1 - 1 - (5 + -3)) + -1.
-3
34 + -49 + (0 - -4)
-11
What is (-2 + -2 - (2 + -4)) + -5?
-7
1 + -10 - (-2 + 0) - -2
-5
Evaluate 19 + -10 + -16 - -10.
3
Calculate -1 + 3 - (-9 - -10).
1
What is the value of -17 - -16 - (-5 - 0)?
4
Calculate (14 - 14) + (2 - (3 - -2)).
-3
What is 7 + -1 + 2 - (-8 - -12)?
4
-1 + 7 - (8 - -1)
-3
2 + (0 + 0 + 3 - 3)
2
Calculate 14 - ((-1 - 5) + 5 + 8).
7
What is the value of (12 - 18) + 0 + 7?
1
What is (-2 - (-7 - -5)) + 1 + -1?
0
What is the value of 22 - (-5 - (-30 + 13))?
10
What is the value of (5 - 2 - 2) + -9 - -3?
-5
Calculate (5 + -4 - 2) + 0 + 6.
5
Evaluate -3 + -1 - ((-3 - 8) + 7).
0
Evaluate -6 + 9 - 7 - (-3 + 3).
-4
What is 7 + (6 - 14) - 0?
-1
What is 0 - (3 + (7 - 12))?
2
What is 13 + -15 + (-2 - 0)?
-4
Calculate 8 + 1 + (-2 - -7) + -9.
5
What is the value of 37 + -42 + -1 + 0?
-6
What is 0 - ((-7 - -12) + -6)?
1
(-2 - (-5 + 0)) + -6
-3
4 - (-9 - -15) - 4
-6
What is (-2 + 0 - 7) + (-21 - -26)?
-4
What is the value of (0 - 0) + 10 + (-5 - 2)?
3
What is 1 + 0 - (-12 - 0 - -21)?
-8
-1 + (-8 - (-18 + 7))
2
What is 1 - (-8 + 4 + 0)?
5
What is the value of 5 + 3 + -3 - 2?
3
(-8 - -4 - -3) + -12 + 6
-7
What is the value of 1 - ((-5 - 7) + 13)?
0
What is -1 + (2 - (-3 - -8))?
-4
What is 5 - (8 - 4) - 3?
-2
Evaluate 0 - (3 + -3) - 3.
-3
What is (-14 - -7) + 8 + (1 - -4)?
6
Evaluate -13 - ((-2 - 8) + -10).
7
-4 + 6 - (-2 + 1)
3
What is 0 + 4 + 0 - (27 + -19)?
-4
What is the value of (7 - 8) + (6 - 10)?
-5
What is 2 + (-4 - (5 + -7 - 3))?
3
What is -7 - -1 - (-8 - -6)?
-4
What is 3 + -3 - (4 + -6 + -1)?
3
What is the value of 4 + (-1 + 3 - 10)?
-4
-4 - (-23 + 22 - (-1 + -1))
-5
Evaluate 3 + (-3 + 3 + 0 - 2).
1
Evaluate -51 + 53 - (2 + -3 + 3).
0
3 + (-10 - -11) - (6 - 1)
-1
Calculate -4 + (-1 - (-8 + 3 + -1)).
1
What is (2 - 4) + (-13 - -15)?
0
What is -3 - ((-27 - -16) + (4 - -1))?
3
Evaluate 1 + -5 + -7 + 7.
-4
0 + 0 + -1 + -2
-3
What is the value of -20 - -16 - (2 + 1)?
-7
Calculate 0 + (0 - (-1 + 0)).
1
Evaluate -1 + 2 - 4 - -6.
3
What is 1 - 4 - 15 - -9?
-9
Evaluate -18 - -13 - (-1 + -10).
6
What is 2 + 0 - (-3 + 2 + 5)?
-2
0 + -4 - (0 - 0) - -8
4
Calculate -29 + 21 - (-1 + -7).
0
What is the value of -14 + 23 + (3 - 7)?
5
What is (-4 - 2) + 2 + (7 - -1)?
4
What is 1 + (0 + (2 - 5) - -5)?
3
What is -30 - -23 - (-2 - -1)?
-6
What is the value of (-1 - 6) + (18 - 40 - -20)?
-9
Evaluate 3 - (8 - 2 - (11 - 5)).
3
Calculate -8 - (7 - 23) - 14.
-6
What is (-9 - -6) + (-10 - -4) + -1?
-10
What is the value of -17 + 3 + 12 + 7 + -1?
4
Calculate -1 + 4 + (-65 - -59).
-3
What is the value of -57 + 63 - (0 + 0 - -2)?
4
Calculate -2 - ((2 - 5) + 1).
0
What is the value of 3 - (-2 + 3 + -5)?
7
Evaluate 4 - (-4 - (-10 + 0)).
-2
What is 2 + -10 - (5 + -7 + -1)?
-5
What is the value of -5 - -8 - (4 - 2 - 1)?
2
What is 4 + 0 + 1 + -10 + 9?
4
What is the value of (-2 - -2) + -3 + (0 - 0)?
-3
What is -4 + (1 - -1) + (8 - 9)?
-3
Calculate 1 - (-2 - 2 - (1 - 11)).
-5
What is -5 - (-8 - (-5 + 1))?
-1
Evaluate 12 + -21 + -3 + 11.
-1
What is 2 + (-3 - -2) - 6?
-5
-2 + (0 - 0) + 5 + -6
-3
Evaluate 14 - 7 - -3 - 15.
-5
Calculate -3 + 7 - (-1 + -1 + 1).
5
What is 1 - (-5 - (-20 - -8))?
-6
Calculate (-4 - -4) + 3 + -3 - 3.
-3
Calculate -4 - (10 + -12 - 1).
-1
What is the value of -8 + 0 - -1 - -13?
6
(2 - 1) + 10 + -14
-3
Evaluate (-3 - -7) + 3 - 4.
3
What is 39 + -30 + -6 + 0?
3
What is the value of 3 - (-2 + (5 - (-3 + 5)))?
2
Evaluate 3 + (20 - 8 - 10).
5
What is (4 - -5 - 16) + (1 - -2)?
-4
What is the value of (-2 - 0 - -2) + 0 - 1?
-1
Evaluate -1 + (-2 - 0) + (-3 - -2).
-4
Evaluate 2 + -1 + 5 + -6.
0
What is -2 + (-1 + -2 + 1 - 0)?
-4
Calculate 1 + (-3 - -7) + 1 + -8.
-2
Calculate -5 - (-4 + 6 + -4).
-3
What is -1 - -9 - (7 - 16 - -12)?
5
Evaluate 5 + 1 - (6 + (4 - 7)).
3
1 - -11 - 4 - 6
2
8 - (7 - (-4 - -8))
5
What is the value of (7 + -4 - 5) + (-3 - 0)?
-5
Evaluate 6 + -5 + -6 + 1 + 4.
0
(5 - 10) + (0 + 9 - 1)
3
Calculate (-16 - 3) + 21 + -1 + 1.
2
What is the value of 2 + 3 + (0 - 3)?
2
9 + 4 + -1 + -1 + -2
9
What is the value of 0 + -1 - (1 - (-3 + 0))?
-5
What is the value of (-2 - (-9 - 0)) + -1 + 0?
6
What is the value of 6 - (2 - -2 - 1)?
3
Evaluate (7 - -2 - 6) + 0.
3
What is 76 - 75 - (0 - -1)?
0
What is 1 + 0 + -1 + -4?
-4
What is (2 - (-1 - -1)) + 1?
3
What is (0 - (-1 + -4)) + -2 + 2?
5
What is the value of -1 - (4 + (-5 - 2 - -8))?
-6
What is 2 - ((3 - 5) + 2)?
2
What is 3 - (-4 - (-3 - (-6 - -5)))?
5
Calculate 24 + (-9 - 4) + (-1 - 7).
3
Calculate (-3 - (0 + -3)) + 1 + 4.
5
Evaluate 8 + -8 - (0 - 0).
0
What is the value of 126 - 113 - (-1 + 12)?
2
What is -10 - (0 + -18) - (13 - -2)?
-7
Evaluate (11 - 13) + (2 - -5).
5
Calculate (-4 - (-10 + -3 + 5)) + -7.
-3
What is the value of 2 - -6 - (-11 - -11) - 5?
3
Calculate -3 + (-3 - 0 - -2).
-4
What is -12 + 12 + -7 + 7?
0
Evaluate 39 + -39 + (3 - -1).
4
Calculate 13 - 13 - (1 + -1).
0
Calculate -129 + 128 - (1 + -2 - 4).
4
Calculate 1 - (-1 - (-2 + (-3 - -6))).
3
Calculate 6 + (9 - 12) + 4.
7
-6 + -4 + 5 - -4
-1
Evaluate (5 - (-1 + -2) - 5) + -6.
-3
What is (-9 - -6 - -4) + 2?
3
Evaluate 9 - 4 - (-3 + (9 - 5)).
4
Calculate -3 + -1 - (-2 -